(o) = o**3 - 7*o**2 - o + 13. Calculate r(6).
-29
Let k(c) = c**2 + 2*c - 16. Calculate k(-6).
8
Let g(x) = x**2 + 3*x - 2. Give g(2).
8
Let i(y) = y**2 - 4*y - 4. Determine i(-2).
8
Let p(x) = -7*x**2 - 5*x. Calculate p(-4).
-92
Let i(t) = 4*t - 60. Calculate i(15).
0
Let o(s) = s**2 + 7*s - 71. Calculate o(-13).
7
Let u(h) = 4*h - 158. Give u(43).
14
Let n(s) = 4*s - 18. What is n(-4)?
-34
Let j(u) = u + 2. Calculate j(5).
7
Let t(c) = -3*c**3 - 115*c**2 - 39*c - 48. Calculate t(-38).
-10
Let w(a) = -a**2 + 9. Calculate w(-3).
0
Let w(z) = -z**2 + 23*z - 6. Give w(22).
16
Let q(s) = -4*s**2 + 143*s + 39. What is q(36)?
3
Let b(x) = 10*x**3 - x - 1. Determine b(-1).
-10
Let a(v) = v**3 + 6*v**2 + 11. Determine a(-6).
11
Let i(u) = u + 2. Give i(-14).
-12
Let o(z) = -2*z**2 + 36*z - 21. Give o(21).
-147
Let q(d) = d**3 - 2*d**2 - 8*d - 7. Calculate q(4).
-7
Let c(h) = h**3 - 4*h**2 - 6*h + 3. Determine c(4).
-21
Let x(s) = -s**2 + 20*s - 40. Determine x(17).
11
Let y(q) = q**2 - 5*q + 3. Determine y(2).
-3
Let c(f) = -2*f - 17. Determine c(3).
-23
Let s(u) = -u**2 - 14*u + 21. Determine s(-13).
34
Let n(w) = -w**2 - 16*w - 4. Calculate n(-15).
11
Let k(a) = -a**3 + 5*a**2 + 26*a - 104. What is k(4)?
16
Let r(k) = -21*k**2 - 3*k. Calculate r(-2).
-78
Let h(n) = -14*n - 55. What is h(-4)?
1
Let u(z) = 34*z - 26. Determine u(4).
110
Let j(a) = a - 6. Calculate j(7).
1
Let a(m) = m**3 - 11*m**2 - 6*m + 29. Calculate a(11).
-37
Let o(a) = -6*a - 72. Give o(-18).
36
Let u(j) = 3*j**2 - j - 1. Determine u(1).
1
Let m(r) = r**2 + 10*r - 4. What is m(-8)?
-20
Let n(s) = s**3 - 11*s**2 + 10*s + 5. Determine n(10).
5
Let g(q) = q - 6. Give g(0).
-6
Let c(m) = -m**2 + 8*m + 5. Determine c(-2).
-15
Let i(h) = 2*h + 11. What is i(-8)?
-5
Let b(y) = y**3 - 13*y**2 + 23*y + 4. Calculate b(11).
15
Let y(w) = -w**3 + 12*w**2 - 15*w + 4. Calculate y(11).
-40
Let a(f) = -5*f**2 + 2*f + 2. Determine a(-2).
-22
Let q(u) = -6*u - 45. Calculate q(-8).
3
Let m(l) = -13*l - 236. Determine m(-16).
-28
Let n(u) = -u**2 + 13*u - 9. Calculate n(11).
13
Let f(w) = -2*w - 32. Calculate f(-17).
2
Let l(y) = 39*y**3 + 2*y - 1. Calculate l(1).
40
Let z(c) = c - 4. What is z(7)?
3
Let j(f) = -37*f - 7. Give j(4).
-155
Let f(b) = 4*b + 15. What is f(8)?
47
Let a(z) = z**3 - 8*z**2 + 3*z - 17. Determine a(8).
7
Let x(a) = a**2 - 15*a - 38. What is x(19)?
38
Let v(l) = l**3 + 8*l**2 + 6*l - 3. Calculate v(-7).
4
Let f(c) = -c**2 + 8*c + 8. Determine f(7).
15
Let x(z) = 152*z - 1. Calculate x(-1).
-153
Let t(y) = -y**3 - 4*y**2 - 4*y. Calculate t(-2).
0
Let d(s) = -s**3 - 9*s**2 + 9*s - 6. Give d(-9).
-87
Let f(t) = t**2 + t - 4. What is f(-4)?
8
Let i(b) = b**2 + 4*b + 3. Calculate i(-4).
3
Let m(z) = z**3 + 6*z**2 - 2*z + 5. Calculate m(-6).
17
Let k(v) = v**3 + 12*v**2 - 2*v - 16. Give k(-12).
8
Let i(s) = s**2 + 25*s + 4. Give i(0).
4
Let q(h) = -29*h - 1828. Determine q(-63).
-1
Let f(t) = t**3 + 7*t**2 + 13*t + 3. Give f(-6).
-39
Let s(z) = -z**3 - 8*z**2 - 6*z + 5. Give s(-5).
-40
Let u(r) = r**3 - 5*r**2 + r + 16. Give u(4).
4
Let w(j) = 8*j + 24. Determine w(8).
88
Let m(i) = i**2 + 4*i. What is m(-3)?
-3
Let t(s) = -s**2 + 2*s + 4. What is t(-3)?
-11
Let i(n) = n + 4. Determine i(-4).
0
Let j(s) = 2*s**2 - 83*s + 228. Calculate j(3).
-3
Let g(i) = 2*i**2 + i + 4. Determine g(3).
25
Let t(q) = -2*q**3 - 18*q**2 - 16*q + 6. Determine t(-7).
-78
Let t(w) = -2*w**3 + 14*w**2 - 2*w + 9. Determine t(7).
-5
Let j(t) = -t**2 - t - 16. Determine j(3).
-28
Let s(l) = l**2 - 10*l. Determine s(11).
11
Let v(g) = 7*g + 4. Determine v(-1).
-3
Let h(o) = -o**3 - 8*o**2 - 2*o + 11. What is h(-5)?
-54
Let f(n) = -5*n**2 - 28*n - 52. What is f(-2)?
-16
Let m(f) = -f**2 + 5*f - 8. Calculate m(3).
-2
Let s(n) = n**2 - 10*n - 34. Calculate s(-3).
5
Let u(c) = c**2 + 7*c + 3. Give u(-7).
3
Let h(b) = -2*b + 32. Give h(24).
-16
Let w(g) = 2*g**2 + 2*g - 15. What is w(0)?
-15
Let q(r) = 2*r - 4. Determine q(4).
4
Let s(u) = -u**3 + 7*u**2 - 6*u - 4. What is s(5)?
16
Let m(p) = -2*p**2 + 7*p + 16. Calculate m(7).
-33
Let m(g) = -7*g**2 - 2*g + 10. Determine m(-5).
-155
Let n(b) = -b**2 + 2. Determine n(-2).
-2
Let o(z) = 2*z. Determine o(-5).
-10
Let s(k) = k**2 - 3*k + 2. Calculate s(5).
12
Let x(a) = a. Calculate x(-2).
-2
Let w(g) = -g + 11. What is w(7)?
4
Let g(z) = -42*z + 38. What is g(1)?
-4
Let n(j) = -j**3 - 8*j**2 - 6*j - 7. Give n(-3).
-34
Let l(i) = i - 14. Determine l(15).
1
Let z(b) = b**3 - 13*b**2 + 38*b - 21. What is z(9)?
-3
Let t(y) = y - 6. Calculate t(4).
-2
Let a(x) = -x**3 + 3*x**2 + 3*x + 2. Calculate a(-3).
47
Let s(m) = -m**3 + m**2 - m + 59. Give s(0).
59
Let q(a) = a**3 + 6*a**2 + 3*a - 2. Give q(-6).
-20
Let d(g) = g**2 - 15*g + 3. Calculate d(17).
37
Let k(a) = -a**3 + 4*a**2 + 7*a + 6. Give k(6).
-24
Let f(x) = x + 13. Determine f(10).
23
Let m(k) = -3*k**2 + 11*k - 3. Determine m(4).
-7
Let f(n) = 20*n + 7. Give f(1).
27
Let n(l) = -2*l + 26. Determine n(7).
12
Let m(i) = i**3 - 7*i**2 - i - 15. Determine m(7).
-22
Let r(w) = 3*w**2 - 25*w + 3. What is r(6)?
-39
Let y(n) = 2*n**2 - 4*n + 10. Calculate y(2).
10
Let q(y) = -y**2 + 32*y + 61. Calculate q(34).
-7
Let l(c) = c**2 + 9*c + 1. What is l(-4)?
-19
Let r(x) = x**2 + 18*x - 18. What is r(1)?
1
Let g(x) = x**2 + 20*x - 77. What is g(5)?
48
Let i(m) = m**2 - 6*m - 1. Determine i(7).
6
Let z(o) = -o**3 - 24*o**2 - 28*o + 32. Calculate z(-23).
147
Let i(c) = c**3 + 5*c**2 - 18*c - 84. Calculate i(-4).
4
Let o(q) = -q - 2. Determine o(7).
-9
Let w(g) = -g**2 + g + 3. What is w(-1)?
1
Let q(a) = a**3 - 7*a**2 + 11*a + 3. Give q(5).
8
Let t(d) = d**3 + 9*d**2 - 8*d + 7. What is t(-10)?
-13
Let j(u) = -u**3 + 10*u**2 - 7*u - 30. Give j(9).
-12
Let k(o) = -30*o - 24. Give k(-3).
66
Let p(n) = 8*n + 4. What is p(-2)?
-12
Let a(f) = -f**2 + 3*f + 8. Determine a(7).
-20
Let c(u) = -5*u**3 + u**2 - u + 1. Determine c(1).
-4
Let o(r) = -5*r**3 + r**2. Give o(1).
-4
Let n(w) = w**3 - 3*w**2 + 2*w - 3. Give n(4).
21
Let s(m) = -5*m. Determine s(1).
-5
Let u(v) = -6*v**2 - 379*v - 61. Calculate u(-63).
2
Let z(y) = -2*y - 5. Calculate z(-6).
7
Let t(v) = v**3 + 8*v**2 + 11*v + 67. Determine t(-8).
-21
Let t(y) = -y**2 - 71*y + 1. What is t(-71)?
1
Let z(i) = -4*i**2 - 4*i + 4. What is z(-4)?
-44
Let w(h) = h**2 - 5*h - 13. Determine w(7).
1
Let z(s) = -2*s**3 + s**2 + 76*s - 147. Give z(2).
-7
Let v(a) = 8*a + 14. Calculate v(6).
62
Let i(k) = 24*k - 78. What is i(4)?
18
Let z(l) = l**2 + 14*l - 5. Calculate z(-14).
-5
Let x(l) = -33*l - 76. Give x(-2).
-10
Let n(g) = -g**2 - 2*g + 68. Determine n(0).
68
Let d(y) = -4*y**2 - 2*y + 3. Give d(2).
-17
Let v(m) = -11*m**3 - 2*m + 2. Calculate v(1).
-11
Let z(n) = n**3 - 4*n**2 - 8*n - 15. Give z(6).
9
Let g(q) = -2*q**2 + 4*q - 1. What is g(4)?
-17
Let q(z) = 6*z - 4. What is q(-1)?
-10
Let d(p) = p**3 - 6*p**2 - p - 15. Calculate d(7).
27
Let k(h) = -2*h**2 + 8*h + 3. Calculate k(7).
-39
Let n(g) = g - 2. Determine n(8).
6
Let m(w) = 8*w - 29. Determine m(12).
67
Let g(m) = -m**3 - 10*m**2 + 3*m - 5. What is g(-10)?
-35
Let s(y) = 5*y**3 + 6*y**2 - 3*y. Determine s(3).
180
Let q(b) = b**2 + 34*b + 158. Calculate q(-6).
-10
Let h(b) = 7*b + 4. What is h(0)?
4
Let k(m) = -2*m + 13. Calculate k(0).
13
Let s(b) = -4*b + 33. Determine s(10).
-7
Let a(q) = -q**2 + 9*q + 213. What is a(-11)?
-7
Let i(u) = -u**3 - 10*u**2 + 3*u + 15. What is i(-10)?
-15
Let y(r) = -r**3 - r**2 - r - 9. What is y(0)?
-9
Let l(v) = 2*v**3 - 12*v**2 + 2*v - 1. Calculate l(6).
11
Let m(q) = -q**3 + 5*q**2 + 4. Calculate m(5).
4
Let f(c) = -24*c**2. What is f(1)?
-24
Let d(k) = k**3 - 20*k**2 + 21*k - 56. What is d(19)?
-18
Let k(x) = -x**2 + 6*x + 13. Calculate k(7).
6
Let z(s) = s**2 - 39*s + 95. Give z(36).
-13
Let b(j) = j - 40. What is b(16)?
-24
Let i(j) = j**3 - 8*j**2 + 21*j - 103. Calculate i(7).
-5
Let h(v) = v + 2. Give h(-8).
-6
Let w(g) = -2*g**2 + 22*g + 9. What is w(12)?
-15
Let g(z) = 10*z. Determine g(-1).
-10
Let z(a) = -a**3 + 7*a**2 - a + 16. Calculate z(7).
9
Let d(t) = -2*t**3 - 3*t**2 + t - 6. Calculate d(-3).
18
Let j(n) = 9*n**2 - 79*n - 23. Calculate j(9).
-5
Let c(k) = -k**2 + 3*k. Calculate c(2).
2
Let a(l) = 2*l + 17. Calculate a(-21).
-25
Let b(i) = i**3 - 13*i**2 - 32. Dete